

{"id":4920,"date":"2017-01-30T15:30:18","date_gmt":"2017-01-30T15:30:18","guid":{"rendered":"http:\/\/ambient.elated-themes.com\/?page_id=4920"},"modified":"2018-01-21T15:53:21","modified_gmt":"2018-01-21T14:53:21","slug":"contact-us","status":"publish","type":"page","link":"http:\/\/oukilideco.ma\/?page_id=4920","title":{"rendered":"Contact us"},"content":{"rendered":"<p>[vc_row][vc_column][vc_gmaps link=\u00a0\u00bb#E-8_JTNDaWZyYW1lJTIwc3JjJTNEJTIyaHR0cHMlM0ElMkYlMkZ3d3cuZ29vZ2xlLmNvbSUyRm1hcHMlMkZlbWJlZCUzRnBiJTNEJTIxMW0xOCUyMTFtMTIlMjExbTMlMjExZDMzMjQuMDM3MzM4Nzk0OTI2NyUyMTJkLTcuNTkxMzU3MTg0OTg0MDk2JTIxM2QzMy41NzgzNzk3ODA3Mzc0OCUyMTJtMyUyMTFmMCUyMTJmMCUyMTNmMCUyMTNtMiUyMTFpMTAyNCUyMTJpNzY4JTIxNGYxMy4xJTIxM20zJTIxMW0yJTIxMXMweGRhN2NkMzg4NTNkNDhlZCUyNTNBMHhiOTBhMzM1NTBhZmJmY2ViJTIxMnNSb3V0ZSUyQmRlcyUyQk91bGFkJTJCWmlhbmUlMjUyQyUyQkNhc2FibGFuY2ElMjUyQyUyQk1hcm9jJTIxNWUwJTIxM20yJTIxMXNmciUyMTJzZnIlMjE0djE1MDU5OTg5NzY4NjclMjIlMjB3aWR0aCUzRCUyMjYwMCUyMiUyMGhlaWdodCUzRCUyMjQ1MCUyMiUyMGZyYW1lYm9yZGVyJTNEJTIyMCUyMiUyMHN0eWxlJTNEJTIyYm9yZGVyJTNBMCUyMiUyMGFsbG93ZnVsbHNjcmVlbiUzRSUzQyUyRmlmcmFtZSUzRQ==\u00a0\u00bb][\/vc_column][\/vc_row][vc_row row_content_width=\u00a0\u00bbgrid\u00a0\u00bb css=\u00a0\u00bb.vc_custom_1485947034945{padding-top: 102px !important;padding-bottom: 136px !important;}\u00a0\u00bb][vc_column offset=\u00a0\u00bbvc_col-lg-6&Prime; css=\u00a0\u00bb.vc_custom_1485947282734{padding-right: 9% !important;}\u00a0\u00bb][vc_column_text css=\u00a0\u00bb.vc_custom_1507624483956{margin-top: -2px !important;}\u00a0\u00bb]SHOWROOM : 0664720679 \/ 06660716994[\/vc_column_text][vc_row_inner css=\u00a0\u00bb.vc_custom_1485946682953{padding-top: 48px !important;}\u00a0\u00bb][vc_column_inner width=\u00a0\u00bb1\/2&Prime;][vc_column_text]<\/p>\n<h4>Casablanca<\/h4>\n<p>[\/vc_column_text][vc_column_text css=\u00a0\u00bb.vc_custom_1516546397828{margin-top: -5px !important;}\u00a0\u00bb]<span class=\"eltdf-icon-text-holder\"><span class=\"eltdf-icon-text\">N 53 Rue Hay Molay Abdellah Ain Chok<\/span><\/span>[\/vc_column_text][vc_empty_space height=\u00a0\u00bb14px\u00a0\u00bb][vc_column_text]Email: casa@oukilideco.ma<br \/>\nT\u00e9l\u00e9phone : 060745643 \/ 0660716994<br \/>\nwhatsapp : 0613747656 \/ 0614345430[\/vc_column_text][vc_empty_space height=\u00a0\u00bb20px\u00a0\u00bb][\/vc_column_inner][vc_column_inner width=\u00a0\u00bb1\/2&Prime;][vc_column_text]<\/p>\n<h4>F\u00e8s<\/h4>\n<p>[\/vc_column_text][vc_column_text css=\u00a0\u00bb.vc_custom_1516546377928{margin-top: -5px !important;}\u00a0\u00bb]<span class=\"eltdf-icon-text-holder\"><span class=\"eltdf-icon-text\">Route Ain Chkef \u00e0 c\u00f4t\u00e9 de caf\u00e9 Blanco<\/span><\/span>[\/vc_column_text][vc_empty_space height=\u00a0\u00bb14px\u00a0\u00bb][vc_column_text]Email: fes@oukilideco.ma<br \/>\nT\u00e9l\u00e9phone : 0660769719 \/ 0664720684<br \/>\nwhatsapp : 0662136657 \/ 0662187158[\/vc_column_text][vc_empty_space height=\u00a0\u00bb45px\u00a0\u00bb][\/vc_column_inner][\/vc_row_inner][\/vc_column][vc_column offset=\u00a0\u00bbvc_col-lg-6&Prime;][vc_empty_space height=\u00a0\u00bb26px\u00a0\u00bb]<div role=\"form\" class=\"wpcf7\" id=\"wpcf7-f7992-o1\" lang=\"fr-FR\" dir=\"ltr\">\n<div class=\"screen-reader-response\"><\/div>\n<form action=\"\/index.php?rest_route=%2Fwp%2Fv2%2Fpages%2F4920#wpcf7-f7992-o1\" method=\"post\" class=\"wpcf7-form\" novalidate=\"novalidate\">\n<div style=\"display: none;\">\n<input type=\"hidden\" name=\"_wpcf7\" value=\"7992\" \/>\n<input type=\"hidden\" name=\"_wpcf7_version\" value=\"4.9\" \/>\n<input type=\"hidden\" name=\"_wpcf7_locale\" value=\"fr_FR\" \/>\n<input type=\"hidden\" name=\"_wpcf7_unit_tag\" value=\"wpcf7-f7992-o1\" \/>\n<input type=\"hidden\" name=\"_wpcf7_container_post\" value=\"0\" \/>\n<\/div>\n<p><label> Votre nom (obligatoire)<br \/>\n    <span class=\"wpcf7-form-control-wrap your-name\"><input type=\"text\" name=\"your-name\" value=\"\" size=\"40\" class=\"wpcf7-form-control wpcf7-text wpcf7-validates-as-required\" aria-required=\"true\" aria-invalid=\"false\" \/><\/span> <\/label><\/p>\n<p><label> Votre e-mail (obligatoire)<br \/>\n    <span class=\"wpcf7-form-control-wrap your-email\"><input type=\"email\" name=\"your-email\" value=\"\" size=\"40\" class=\"wpcf7-form-control wpcf7-text wpcf7-email wpcf7-validates-as-required wpcf7-validates-as-email\" aria-required=\"true\" aria-invalid=\"false\" \/><\/span> <\/label><\/p>\n<p><label> Sujet<br \/>\n    <span class=\"wpcf7-form-control-wrap your-subject\"><input type=\"text\" name=\"your-subject\" value=\"\" size=\"40\" class=\"wpcf7-form-control wpcf7-text\" aria-invalid=\"false\" \/><\/span> <\/label><\/p>\n<p><label> Votre message<br \/>\n    <span class=\"wpcf7-form-control-wrap your-message\"><textarea name=\"your-message\" cols=\"40\" rows=\"10\" class=\"wpcf7-form-control wpcf7-textarea\" aria-invalid=\"false\"><\/textarea><\/span> <\/label><\/p>\n<p><input type=\"submit\" value=\"Envoyer\" class=\"wpcf7-form-control wpcf7-submit\" \/><\/p>\n<div class=\"wpcf7-response-output wpcf7-display-none\"><\/div><\/form><\/div>[\/vc_column][\/vc_row]<\/p>\n","protected":false},"excerpt":{"rendered":"<p>[vc_row][vc_column][vc_gmaps link=\u00a0\u00bb#E-8_JTNDaWZyYW1lJTIwc3JjJTNEJTIyaHR0cHMlM0ElMkYlMkZ3d3cuZ29vZ2xlLmNvbSUyRm1hcHMlMkZlbWJlZCUzRnBiJTNEJTIxMW0xOCUyMTFtMTIlMjExbTMlMjExZDMzMjQuMDM3MzM4Nzk0OTI2NyUyMTJkLTcuNTkxMzU3MTg0OTg0MDk2JTIxM2QzMy41NzgzNzk3ODA3Mzc0OCUyMTJtMyUyMTFmMCUyMTJmMCUyMTNmMCUyMTNtMiUyMTFpMTAyNCUyMTJpNzY4JTIxNGYxMy4xJTIxM20zJTIxMW0yJTIxMXMweGRhN2NkMzg4NTNkNDhlZCUyNTNBMHhiOTBhMzM1NTBhZmJmY2ViJTIxMnNSb3V0ZSUyQmRlcyUyQk91bGFkJTJCWmlhbmUlMjUyQyUyQkNhc2FibGFuY2ElMjUyQyUyQk1hcm9jJTIxNWUwJTIxM20yJTIxMXNmciUyMTJzZnIlMjE0djE1MDU5OTg5NzY4NjclMjIlMjB3aWR0aCUzRCUyMjYwMCUyMiUyMGhlaWdodCUzRCUyMjQ1MCUyMiUyMGZyYW1lYm9yZGVyJTNEJTIyMCUyMiUyMHN0eWxlJTNEJTIyYm9yZGVyJTNBMCUyMiUyMGFsbG93ZnVsbHNjcmVlbiUzRSUzQyUyRmlmcmFtZSUzRQ==\u00a0\u00bb][\/vc_column][\/vc_row][vc_row row_content_width=\u00a0\u00bbgrid\u00a0\u00bb css=\u00a0\u00bb.vc_custom_1485947034945{padding-top: 102px !important;padding-bottom: 136px !important;}\u00a0\u00bb][vc_column offset=\u00a0\u00bbvc_col-lg-6&Prime; css=\u00a0\u00bb.vc_custom_1485947282734{padding-right: 9% !important;}\u00a0\u00bb][vc_column_text css=\u00a0\u00bb.vc_custom_1507624483956{margin-top: -2px !important;}\u00a0\u00bb]SHOWROOM : 0664720679 \/ 06660716994[\/vc_column_text][vc_row_inner css=\u00a0\u00bb.vc_custom_1485946682953{padding-top: 48px !important;}\u00a0\u00bb][vc_column_inner width=\u00a0\u00bb1\/2&Prime;][vc_column_text] Casablanca [\/vc_column_text][vc_column_text css=\u00a0\u00bb.vc_custom_1516546397828{margin-top: -5px !important;}\u00a0\u00bb]N 53 Rue Hay Molay Abdellah Ain Chok[\/vc_column_text][vc_empty_space height=\u00a0\u00bb14px\u00a0\u00bb][vc_column_text]Email: casa@oukilideco.ma T\u00e9l\u00e9phone : 060745643 \/ 0660716994 whatsapp : 0613747656 [&hellip;]<\/p>\n","protected":false},"author":1,"featured_media":0,"parent":0,"menu_order":0,"comment_status":"closed","ping_status":"closed","template":"full-width.php","meta":{"footnotes":""},"_links":{"self":[{"href":"http:\/\/oukilideco.ma\/index.php?rest_route=\/wp\/v2\/pages\/4920"}],"collection":[{"href":"http:\/\/oukilideco.ma\/index.php?rest_route=\/wp\/v2\/pages"}],"about":[{"href":"http:\/\/oukilideco.ma\/index.php?rest_route=\/wp\/v2\/types\/page"}],"author":[{"embeddable":true,"href":"http:\/\/oukilideco.ma\/index.php?rest_route=\/wp\/v2\/users\/1"}],"replies":[{"embeddable":true,"href":"http:\/\/oukilideco.ma\/index.php?rest_route=%2Fwp%2Fv2%2Fcomments&post=4920"}],"version-history":[{"count":7,"href":"http:\/\/oukilideco.ma\/index.php?rest_route=\/wp\/v2\/pages\/4920\/revisions"}],"predecessor-version":[{"id":8449,"href":"http:\/\/oukilideco.ma\/index.php?rest_route=\/wp\/v2\/pages\/4920\/revisions\/8449"}],"wp:attachment":[{"href":"http:\/\/oukilideco.ma\/index.php?rest_route=%2Fwp%2Fv2%2Fmedia&parent=4920"}],"curies":[{"name":"wp","href":"https:\/\/api.w.org\/{rel}","templated":true}]}}